{"id":10,"date":"2019-04-19T13:56:46","date_gmt":"2019-04-19T13:56:46","guid":{"rendered":"http:\/\/fwherold.de\/?page_id=10"},"modified":"2026-02-27T02:40:25","modified_gmt":"2026-02-27T02:40:25","slug":"ueber-mich","status":"publish","type":"page","link":"https:\/\/fwherold.de\/?page_id=10","title":{"rendered":"\u00fcber mich"},"content":{"rendered":"\n<figure class=\"wp-block-image size-large is-resized\"><img loading=\"lazy\" decoding=\"async\" width=\"2000\" height=\"3000\" src=\"https:\/\/fwherold.de\/wp-content\/uploads\/2025\/10\/119-DSC00738B-2000x3000.jpg\" alt=\"\" class=\"wp-image-1356\" style=\"width:442px;height:auto\" srcset=\"https:\/\/fwherold.de\/wp-content\/uploads\/2025\/10\/119-DSC00738B-2000x3000.jpg 2000w, https:\/\/fwherold.de\/wp-content\/uploads\/2025\/10\/119-DSC00738B-1333x2000.jpg 1333w, https:\/\/fwherold.de\/wp-content\/uploads\/2025\/10\/119-DSC00738B-768x1152.jpg 768w, https:\/\/fwherold.de\/wp-content\/uploads\/2025\/10\/119-DSC00738B-1024x1536.jpg 1024w, https:\/\/fwherold.de\/wp-content\/uploads\/2025\/10\/119-DSC00738B-1365x2048.jpg 1365w, https:\/\/fwherold.de\/wp-content\/uploads\/2025\/10\/119-DSC00738B-scaled.jpg 1707w\" sizes=\"auto, (max-width: 767px) 89vw, (max-width: 1000px) 54vw, (max-width: 1071px) 543px, 580px\" \/><\/figure>\n\n\n\n<p>Florian Herold<\/p>\n\n\n\n<p>Geboren wurde ich am 25. Januar 1979 in G\u00f6ttingen.<br>Neuburg an der Donau kenne ich mein ganzes Leben. Seit \u00fcber zwanzig Jahren lebe ich hier dauerhaft. Neuburg ist f\u00fcr mich Heimat geworden. Nicht nur ein Wohnort, sondern der Mittelpunkt meines Lebens.<\/p>\n\n\n\n<h3 class=\"wp-block-heading\">Familie<\/h3>\n\n\n\n<p>Seit 2010 bin ich mit meiner Frau Sonja verheiratet.<br>Unser Sohn Jonathan wurde 2018 geboren.<\/p>\n\n\n\n<p>Familie bedeutet f\u00fcr mich Verantwortung, Verl\u00e4sslichkeit und Perspektive. Wer politische Verantwortung \u00fcbernehmen m\u00f6chte, muss wissen, was Entscheidungen f\u00fcr Familien bedeuten. F\u00fcr Kinder. F\u00fcr den Alltag.<\/p>\n\n\n\n<h3 class=\"wp-block-heading\">Beruflicher Weg<\/h3>\n\n\n\n<p>Nach dem Abitur in G\u00f6ttingen habe ich fr\u00fch unternehmerische Verantwortung \u00fcbernommen. Zun\u00e4chst war ich selbst\u00e4ndig im Spielwareneinzelhandel in L\u00fcbeck t\u00e4tig. Danach arbeitete ich als Vorstand im Vertrieb eines Gro\u00dfhandels im Raum Hannover.<\/p>\n\n\n\n<p>Mit dem Umzug nach Neuburg folgte eine Phase der Weiterbildung und der Neuorientierung. Ich machte mich selbst\u00e4ndig im Verlags und Messewesen und baute mit H20 unternehmerische Strukturen auf.<\/p>\n\n\n\n<p>Seit 2008 bin ich im Kinopalast t\u00e4tig und arbeite dort heute als Teamleiter. Kino bedeutet f\u00fcr mich mehr als Film. Es bedeutet Organisation, Personalf\u00fchrung, wirtschaftliche Verantwortung und kulturelle Arbeit zugleich. Ich wei\u00df, was es hei\u00dft, Budgets einzuhalten, Entscheidungen zu treffen und ein Team zu f\u00fchren.<\/p>\n\n\n\n<h3 class=\"wp-block-heading\">Ehrenamt und Politik<\/h3>\n\n\n\n<p>Ich bin Vorsitzender der Freien W\u00e4hler Neuburg.<br>Ich bin Stadtrat in Neuburg an der Donau.<br>Ich engagiere mich als Referent f\u00fcr Tourismus.<\/p>\n\n\n\n<p>Kommunalpolitik ist f\u00fcr mich kein Nebenprojekt. Sie ist eine Aufgabe. Seit vielen Jahren arbeite ich sachorientiert im Stadtrat, stelle Antr\u00e4ge, begleite Projekte und setze mich f\u00fcr Transparenz ein.<\/p>\n\n\n\n<p>Ich kenne die Herausforderungen unserer Stadt. Ich kenne die Zahlen. Und ich kenne die Menschen.<\/p>\n\n\n\n<h3 class=\"wp-block-heading\">Was mich antreibt<\/h3>\n\n\n\n<p>Ich komme nicht aus einer politischen Karriere.<br>Ich komme aus der Wirtschaft.<br>Aus dem Ehrenamt.<br>Aus dem echten Leben.<\/p>\n\n\n\n<p>Ich verbinde unternehmerisches Denken mit kommunaler Verantwortung.<br>Ich arbeite l\u00f6sungsorientiert, ohne Ideologie.<br>Ich stehe f\u00fcr Neuburg. F\u00fcr Familien. F\u00fcr wirtschaftliche Vernunft. F\u00fcr kulturelle Vielfalt.<\/p>\n\n\n\n<figure class=\"wp-block-video\"><video height=\"1280\" style=\"aspect-ratio: 720 \/ 1280;\" width=\"720\" controls src=\"https:\/\/fwherold.de\/wp-content\/uploads\/2026\/02\/florianherold.mp4\"><\/video><\/figure>\n\n\n\n<figure class=\"wp-block-video\"><video height=\"1280\" style=\"aspect-ratio: 720 \/ 1280;\" width=\"720\" controls src=\"https:\/\/fwherold.de\/wp-content\/uploads\/2026\/02\/florianherold-unser-Oberbuergermeisterkandidat.mp4\"><\/video><\/figure>\n","protected":false},"excerpt":{"rendered":"<p>Florian Herold Geboren wurde ich am 25. Januar 1979 in G\u00f6ttingen.Neuburg an der Donau kenne ich mein ganzes Leben. Seit \u00fcber zwanzig Jahren lebe ich hier dauerhaft. Neuburg ist f\u00fcr mich Heimat geworden. Nicht nur ein Wohnort, sondern der Mittelpunkt meines Lebens. Familie Seit 2010 bin ich mit meiner Frau Sonja verheiratet.Unser Sohn Jonathan wurde &hellip; <\/p>\n<p class=\"link-more\"><a href=\"https:\/\/fwherold.de\/?page_id=10\" class=\"more-link\"><span class=\"screen-reader-text\">\u201e\u00fcber mich\u201c <\/span>weiterlesen<\/a><\/p>\n","protected":false},"author":1,"featured_media":0,"parent":0,"menu_order":0,"comment_status":"closed","ping_status":"closed","template":"","meta":{"footnotes":""},"class_list":["post-10","page","type-page","status-publish","hentry"],"_links":{"self":[{"href":"https:\/\/fwherold.de\/index.php?rest_route=\/wp\/v2\/pages\/10","targetHints":{"allow":["GET"]}}],"collection":[{"href":"https:\/\/fwherold.de\/index.php?rest_route=\/wp\/v2\/pages"}],"about":[{"href":"https:\/\/fwherold.de\/index.php?rest_route=\/wp\/v2\/types\/page"}],"author":[{"embeddable":true,"href":"https:\/\/fwherold.de\/index.php?rest_route=\/wp\/v2\/users\/1"}],"replies":[{"embeddable":true,"href":"https:\/\/fwherold.de\/index.php?rest_route=%2Fwp%2Fv2%2Fcomments&post=10"}],"version-history":[{"count":13,"href":"https:\/\/fwherold.de\/index.php?rest_route=\/wp\/v2\/pages\/10\/revisions"}],"predecessor-version":[{"id":1845,"href":"https:\/\/fwherold.de\/index.php?rest_route=\/wp\/v2\/pages\/10\/revisions\/1845"}],"wp:attachment":[{"href":"https:\/\/fwherold.de\/index.php?rest_route=%2Fwp%2Fv2%2Fmedia&parent=10"}],"curies":[{"name":"wp","href":"https:\/\/api.w.org\/{rel}","templated":true}]}}