{"id":1537,"date":"2026-01-28T01:21:51","date_gmt":"2026-01-28T01:21:51","guid":{"rendered":"https:\/\/fwherold.de\/?page_id=1537"},"modified":"2026-01-28T01:45:42","modified_gmt":"2026-01-28T01:45:42","slug":"neuburg-spricht","status":"publish","type":"page","link":"https:\/\/fwherold.de\/?page_id=1537","title":{"rendered":"Neuburg Spricht"},"content":{"rendered":"<div class=\"wp-block-image\">\n<figure class=\"aligncenter size-full is-resized\"><img loading=\"lazy\" decoding=\"async\" width=\"1563\" height=\"1563\" src=\"https:\/\/fwherold.de\/wp-content\/uploads\/2025\/10\/Kopie-von-NEUBURG-SPRICHT-v2.jpg\" alt=\"\" class=\"wp-image-1353\" style=\"width:194px;height:auto\" srcset=\"https:\/\/fwherold.de\/wp-content\/uploads\/2025\/10\/Kopie-von-NEUBURG-SPRICHT-v2.jpg 1563w, https:\/\/fwherold.de\/wp-content\/uploads\/2025\/10\/Kopie-von-NEUBURG-SPRICHT-v2-150x150.jpg 150w, https:\/\/fwherold.de\/wp-content\/uploads\/2025\/10\/Kopie-von-NEUBURG-SPRICHT-v2-768x768.jpg 768w, https:\/\/fwherold.de\/wp-content\/uploads\/2025\/10\/Kopie-von-NEUBURG-SPRICHT-v2-1536x1536.jpg 1536w, https:\/\/fwherold.de\/wp-content\/uploads\/2025\/10\/Kopie-von-NEUBURG-SPRICHT-v2-100x100.jpg 100w\" sizes=\"auto, (max-width: 767px) 89vw, (max-width: 1000px) 54vw, (max-width: 1071px) 543px, 580px\" \/><\/figure>\n<\/div>\n\n\n<p><strong>Neuburg spricht<\/strong> ist zu Beginn der Corona Zeit entstanden.<br>Die Idee habe ich gemeinsam mit <strong>Leo Gashi<\/strong> entwickelt, aus dem Wunsch heraus, mit den Menschen in Neuburg im Gespr\u00e4ch zu bleiben, auch dann, wenn Begegnung pl\u00f6tzlich nicht mehr m\u00f6glich war. Christoper Sch\u00e4gger ist schnell mit eingestiegen und so haben wir zu dritt alle Neuburg Spricht mit leben gef\u00fcllt. <\/p>\n\n\n\n<p>Am Anfang ausschlie\u00dflich digital, sp\u00e4ter wieder analog und live vor Ort.<br>Seitdem haben wir mit vielen Menschen \u00fcber viele Themen gesprochen. Offen, nachvollziehbar und immer live. Eine \u00dcbersicht aller bisherigen Ausgaben aus fast sechs Jahren findet ihr hier.<\/p>\n\n\n\n<p>Zur Kommunalwahl haben wir das Format bewusst intensiviert. Das Team hat sich mit der Zeit ver\u00e4ndert:<br>Mit <strong>Alexander Lemke <\/strong> in der Moderation und einem Technikteam aus <strong>Christopher Sch\u00e4gger<\/strong>, <strong>Matthias Winter<\/strong> und <strong>Deniz Murici<\/strong>, die das Format aktiv mitgestalten.<\/p>\n\n\n\n<p>Neuburg spricht lebt von wechselnden G\u00e4sten, von euch, vom Mitreden und vom Zuh\u00f6ren.<br>Es geht um Austausch, Transparenz und darum, unterschiedliche Sichtweisen auszuhalten.<br>Die beste Idee soll am Ende sichtbar werden.<\/p>\n\n\n\n<p>So stellen wir uns Gemeinschaft vor.<br>Wenn ihr das auch so seht, schaut rein, teilt es und kommt zum n\u00e4chsten <strong>Neuburg spricht<\/strong>.<\/p>\n\n\n\n<p>Mein Dank geht an alle die Mitwirken und an Leo, der mir Neuburg Spricht \u00fcbergeben hat, ich freue mich dar\u00fcber, dass so viele Menschen teil dieser Idee geworden sind.<\/p>\n\n\n\n<p>Ihr Florian Herold<\/p>\n\n\n\n<p>(hier die Neuburg Spricht Titel Musik)<\/p>\n\n\n\n<figure class=\"wp-block-audio\"><audio controls src=\"https:\/\/fwherold.de\/wp-content\/uploads\/2026\/01\/Neuburg-spricht8.mp3\"><\/audio><\/figure>\n\n\n\n<p>Hier findet Ihr Neuburg Spricht um Euch ein Bild zu machen: <\/p>\n\n\n\n<p>Neuburg spricht &#8211; Schlo\u00dffest<\/p>\n\n\n\n<figure class=\"wp-block-embed is-type-video is-provider-youtube wp-block-embed-youtube wp-embed-aspect-16-9 wp-has-aspect-ratio\"><div class=\"wp-block-embed__wrapper\">\n<iframe loading=\"lazy\" title=\"Neuburg spricht - Schlo\u00dffest\" width=\"525\" height=\"295\" src=\"https:\/\/www.youtube.com\/embed\/bkGayLffHUM?feature=oembed\" frameborder=\"0\" allow=\"accelerometer; autoplay; clipboard-write; encrypted-media; gyroscope; picture-in-picture; web-share\" referrerpolicy=\"strict-origin-when-cross-origin\" allowfullscreen><\/iframe>\n<\/div><\/figure>\n\n\n\n<p>Neuburg spricht &#8211; next Generation<\/p>\n\n\n\n<figure class=\"wp-block-embed is-type-video is-provider-youtube wp-block-embed-youtube wp-embed-aspect-16-9 wp-has-aspect-ratio\"><div class=\"wp-block-embed__wrapper\">\n<iframe loading=\"lazy\" title=\"Neuburg spricht - next Generation\" width=\"525\" height=\"295\" src=\"https:\/\/www.youtube.com\/embed\/-LrjP2PC8Zo?feature=oembed\" frameborder=\"0\" allow=\"accelerometer; autoplay; clipboard-write; encrypted-media; gyroscope; picture-in-picture; web-share\" referrerpolicy=\"strict-origin-when-cross-origin\" allowfullscreen><\/iframe>\n<\/div><\/figure>\n\n\n\n<p>Neuburg spricht &#8211; B\u00e4der &amp; Werke &#8211; Wellen schlagen<\/p>\n\n\n\n<figure class=\"wp-block-embed is-type-video is-provider-youtube wp-block-embed-youtube wp-embed-aspect-16-9 wp-has-aspect-ratio\"><div class=\"wp-block-embed__wrapper\">\n<iframe loading=\"lazy\" title=\"Neuburg spricht - B\u00e4der &amp; Werke - Wellen schlagen\" width=\"525\" height=\"295\" src=\"https:\/\/www.youtube.com\/embed\/MJYJouRbLK8?feature=oembed\" frameborder=\"0\" allow=\"accelerometer; autoplay; clipboard-write; encrypted-media; gyroscope; picture-in-picture; web-share\" referrerpolicy=\"strict-origin-when-cross-origin\" allowfullscreen><\/iframe>\n<\/div><\/figure>\n\n\n\n<p>Neuburg spricht &#8211; Kultur &amp; Gemeinschaft<\/p>\n\n\n\n<figure class=\"wp-block-embed is-type-video is-provider-youtube wp-block-embed-youtube wp-embed-aspect-16-9 wp-has-aspect-ratio\"><div class=\"wp-block-embed__wrapper\">\n<iframe loading=\"lazy\" title=\"Neuburg spricht - Kultur &amp; Gemeinschaft \ud83c\udfad\" width=\"525\" height=\"295\" src=\"https:\/\/www.youtube.com\/embed\/bmH4Qf1JF-8?feature=oembed\" frameborder=\"0\" allow=\"accelerometer; autoplay; clipboard-write; encrypted-media; gyroscope; picture-in-picture; web-share\" referrerpolicy=\"strict-origin-when-cross-origin\" allowfullscreen><\/iframe>\n<\/div><\/figure>\n\n\n\n<p>Neuburg spricht &#8211; Unsere Donau<\/p>\n\n\n\n<figure class=\"wp-block-embed is-type-video is-provider-youtube wp-block-embed-youtube wp-embed-aspect-16-9 wp-has-aspect-ratio\"><div class=\"wp-block-embed__wrapper\">\n<iframe loading=\"lazy\" title=\"Neuburg spricht - Unsere Donau\" width=\"525\" height=\"295\" src=\"https:\/\/www.youtube.com\/embed\/bHCA641l2qc?feature=oembed\" frameborder=\"0\" allow=\"accelerometer; autoplay; clipboard-write; encrypted-media; gyroscope; picture-in-picture; web-share\" referrerpolicy=\"strict-origin-when-cross-origin\" allowfullscreen><\/iframe>\n<\/div><\/figure>\n\n\n\n<p>Neuburg spricht &#8211; Jahresr\u00fcckblick Neuburger Gesichter<\/p>\n\n\n\n<figure class=\"wp-block-embed is-type-video is-provider-youtube wp-block-embed-youtube wp-embed-aspect-16-9 wp-has-aspect-ratio\"><div class=\"wp-block-embed__wrapper\">\n<iframe loading=\"lazy\" title=\"Neuburg spricht - Jahresr\u00fcckblick Neuburger Gesichter\" width=\"525\" height=\"295\" src=\"https:\/\/www.youtube.com\/embed\/mOkDqcWh1Oo?feature=oembed\" frameborder=\"0\" allow=\"accelerometer; autoplay; clipboard-write; encrypted-media; gyroscope; picture-in-picture; web-share\" referrerpolicy=\"strict-origin-when-cross-origin\" allowfullscreen><\/iframe>\n<\/div><\/figure>\n\n\n\n<p>Neuburg spricht &#8211; Stadtentwicklung<\/p>\n\n\n\n<figure class=\"wp-block-embed is-type-video is-provider-youtube wp-block-embed-youtube wp-embed-aspect-16-9 wp-has-aspect-ratio\"><div class=\"wp-block-embed__wrapper\">\n<iframe loading=\"lazy\" title=\"Neuburg spricht - Stadtentwicklung\" width=\"525\" height=\"295\" src=\"https:\/\/www.youtube.com\/embed\/OG33aMeVVxI?feature=oembed\" frameborder=\"0\" allow=\"accelerometer; autoplay; clipboard-write; encrypted-media; gyroscope; picture-in-picture; web-share\" referrerpolicy=\"strict-origin-when-cross-origin\" allowfullscreen><\/iframe>\n<\/div><\/figure>\n\n\n\n<p>Neuburg spricht &#8211; Worte Bilder Medien<\/p>\n\n\n\n<figure class=\"wp-block-embed is-type-video is-provider-youtube wp-block-embed-youtube wp-embed-aspect-16-9 wp-has-aspect-ratio\"><div class=\"wp-block-embed__wrapper\">\n<iframe loading=\"lazy\" title=\"Neuburg spricht - Worte Bilder Medien\" width=\"525\" height=\"295\" src=\"https:\/\/www.youtube.com\/embed\/DqzyiDrKhxc?feature=oembed\" frameborder=\"0\" allow=\"accelerometer; autoplay; clipboard-write; encrypted-media; gyroscope; picture-in-picture; web-share\" referrerpolicy=\"strict-origin-when-cross-origin\" allowfullscreen><\/iframe>\n<\/div><\/figure>\n\n\n\n<p>Neuburg spricht: Chancen und Sorgen rund um das Paketzentrum Weichering<\/p>\n\n\n\n<figure class=\"wp-block-embed is-type-video is-provider-youtube wp-block-embed-youtube wp-embed-aspect-16-9 wp-has-aspect-ratio\"><div class=\"wp-block-embed__wrapper\">\n<iframe loading=\"lazy\" title=\"Neuburg spricht: Chancen und Sorgen rund um das Paketzentrum Weichering | Live-Event-Mitschnitt\" width=\"525\" height=\"295\" src=\"https:\/\/www.youtube.com\/embed\/l8hPCVAj228?feature=oembed\" frameborder=\"0\" allow=\"accelerometer; autoplay; clipboard-write; encrypted-media; gyroscope; picture-in-picture; web-share\" referrerpolicy=\"strict-origin-when-cross-origin\" allowfullscreen><\/iframe>\n<\/div><\/figure>\n\n\n\n<p>Neuburg spricht: Glasfaserausbau bei uns in Neuburg<\/p>\n\n\n\n<figure class=\"wp-block-embed is-type-video is-provider-youtube wp-block-embed-youtube wp-embed-aspect-16-9 wp-has-aspect-ratio\"><div class=\"wp-block-embed__wrapper\">\n<iframe loading=\"lazy\" title=\"Neuburg spricht: Glasfaserausbau bei uns in Neuburg\" width=\"525\" height=\"295\" src=\"https:\/\/www.youtube.com\/embed\/8KNIk962Wv4?feature=oembed\" frameborder=\"0\" allow=\"accelerometer; autoplay; clipboard-write; encrypted-media; gyroscope; picture-in-picture; web-share\" referrerpolicy=\"strict-origin-when-cross-origin\" allowfullscreen><\/iframe>\n<\/div><\/figure>\n\n\n\n<p>Neuburg sprich &#8211; Inflation, Krise\u2026 was bedeutet das f\u00fcr Neuburg?<\/p>\n\n\n\n<figure class=\"wp-block-embed is-type-video is-provider-youtube wp-block-embed-youtube wp-embed-aspect-16-9 wp-has-aspect-ratio\"><div class=\"wp-block-embed__wrapper\">\n<iframe loading=\"lazy\" title=\"Neuburg sprich - Inflation, Krise... was bedeutet das f\u00fcr Neuburg?\" width=\"525\" height=\"295\" src=\"https:\/\/www.youtube.com\/embed\/dWOUGaf34I8?feature=oembed\" frameborder=\"0\" allow=\"accelerometer; autoplay; clipboard-write; encrypted-media; gyroscope; picture-in-picture; web-share\" referrerpolicy=\"strict-origin-when-cross-origin\" allowfullscreen><\/iframe>\n<\/div><\/figure>\n\n\n\n<p>Neuburg spricht &#8211; Energie, was k\u00f6nnen wir tun?<\/p>\n\n\n\n<figure class=\"wp-block-embed is-type-video is-provider-youtube wp-block-embed-youtube wp-embed-aspect-16-9 wp-has-aspect-ratio\"><div class=\"wp-block-embed__wrapper\">\n<iframe loading=\"lazy\" title=\"Neuburg spricht - Energie, was k\u00f6nnen wir tun? 17.11.2022\" width=\"525\" height=\"295\" src=\"https:\/\/www.youtube.com\/embed\/jdLZg7auMoU?feature=oembed\" frameborder=\"0\" allow=\"accelerometer; autoplay; clipboard-write; encrypted-media; gyroscope; picture-in-picture; web-share\" referrerpolicy=\"strict-origin-when-cross-origin\" allowfullscreen><\/iframe>\n<\/div><\/figure>\n\n\n\n<p>Neuburg spricht &#8211; DerJahresr\u00fcckblick 2022 von der Wichtelh\u00fctte\/Bootshaus<\/p>\n\n\n\n<figure class=\"wp-block-embed is-type-video is-provider-youtube wp-block-embed-youtube wp-embed-aspect-16-9 wp-has-aspect-ratio\"><div class=\"wp-block-embed__wrapper\">\n<iframe loading=\"lazy\" title=\"Neuburg spricht - DerJahresr\u00fcckblick 2022 von der Wichtelh\u00fctte\/Bootshaus\" width=\"525\" height=\"295\" src=\"https:\/\/www.youtube.com\/embed\/sSybMXdxg5E?feature=oembed\" frameborder=\"0\" allow=\"accelerometer; autoplay; clipboard-write; encrypted-media; gyroscope; picture-in-picture; web-share\" referrerpolicy=\"strict-origin-when-cross-origin\" allowfullscreen><\/iframe>\n<\/div><\/figure>\n\n\n\n<p><\/p>\n","protected":false},"excerpt":{"rendered":"<p>Neuburg spricht ist zu Beginn der Corona Zeit entstanden.Die Idee habe ich gemeinsam mit Leo Gashi entwickelt, aus dem Wunsch heraus, mit den Menschen in Neuburg im Gespr\u00e4ch zu bleiben, auch dann, wenn Begegnung pl\u00f6tzlich nicht mehr m\u00f6glich war. Christoper Sch\u00e4gger ist schnell mit eingestiegen und so haben wir zu dritt alle Neuburg Spricht mit &hellip; <\/p>\n<p class=\"link-more\"><a href=\"https:\/\/fwherold.de\/?page_id=1537\" class=\"more-link\"><span class=\"screen-reader-text\">\u201eNeuburg Spricht\u201c <\/span>weiterlesen<\/a><\/p>\n","protected":false},"author":1,"featured_media":0,"parent":0,"menu_order":0,"comment_status":"closed","ping_status":"closed","template":"","meta":{"footnotes":""},"class_list":["post-1537","page","type-page","status-publish","hentry"],"_links":{"self":[{"href":"https:\/\/fwherold.de\/index.php?rest_route=\/wp\/v2\/pages\/1537","targetHints":{"allow":["GET"]}}],"collection":[{"href":"https:\/\/fwherold.de\/index.php?rest_route=\/wp\/v2\/pages"}],"about":[{"href":"https:\/\/fwherold.de\/index.php?rest_route=\/wp\/v2\/types\/page"}],"author":[{"embeddable":true,"href":"https:\/\/fwherold.de\/index.php?rest_route=\/wp\/v2\/users\/1"}],"replies":[{"embeddable":true,"href":"https:\/\/fwherold.de\/index.php?rest_route=%2Fwp%2Fv2%2Fcomments&post=1537"}],"version-history":[{"count":2,"href":"https:\/\/fwherold.de\/index.php?rest_route=\/wp\/v2\/pages\/1537\/revisions"}],"predecessor-version":[{"id":1546,"href":"https:\/\/fwherold.de\/index.php?rest_route=\/wp\/v2\/pages\/1537\/revisions\/1546"}],"wp:attachment":[{"href":"https:\/\/fwherold.de\/index.php?rest_route=%2Fwp%2Fv2%2Fmedia&parent=1537"}],"curies":[{"name":"wp","href":"https:\/\/api.w.org\/{rel}","templated":true}]}}

<div class="wp-block-image">
<figure class="aligncenter size-full is-resized"><img loading="lazy" decoding="async" width="1563" height="1563" src="https://fwherold.de/wp-content/uploads/2025/10/Kopie-von-NEUBURG-SPRICHT-v2.jpg" alt="" class="wp-image-1353" style="width:194px;height:auto" srcset="https://fwherold.de/wp-content/uploads/2025/10/Kopie-von-NEUBURG-SPRICHT-v2.jpg 1563w, https://fwherold.de/wp-content/uploads/2025/10/Kopie-von-NEUBURG-SPRICHT-v2-150x150.jpg 150w, https://fwherold.de/wp-content/uploads/2025/10/Kopie-von-NEUBURG-SPRICHT-v2-768x768.jpg 768w, https://fwherold.de/wp-content/uploads/2025/10/Kopie-von-NEUBURG-SPRICHT-v2-1536x1536.jpg 1536w, https://fwherold.de/wp-content/uploads/2025/10/Kopie-von-NEUBURG-SPRICHT-v2-100x100.jpg 100w" sizes="auto, (max-width: 767px) 89vw, (max-width: 1000px) 54vw, (max-width: 1071px) 543px, 580px" /></figure>
</div>


<p><strong>Neuburg spricht</strong> ist zu Beginn der Corona Zeit entstanden.<br>Die Idee habe ich gemeinsam mit <strong>Leo Gashi</strong> entwickelt, aus dem Wunsch heraus, mit den Menschen in Neuburg im Gespräch zu bleiben, auch dann, wenn Begegnung plötzlich nicht mehr möglich war. Christoper Schägger ist schnell mit eingestiegen und so haben wir zu dritt alle Neuburg Spricht mit leben gefüllt. </p>



<p>Am Anfang ausschließlich digital, später wieder analog und live vor Ort.<br>Seitdem haben wir mit vielen Menschen über viele Themen gesprochen. Offen, nachvollziehbar und immer live. Eine Übersicht aller bisherigen Ausgaben aus fast sechs Jahren findet ihr hier.</p>



<p>Zur Kommunalwahl haben wir das Format bewusst intensiviert. Das Team hat sich mit der Zeit verändert:<br>Mit <strong>Alexander Lemke </strong> in der Moderation und einem Technikteam aus <strong>Christopher Schägger</strong>, <strong>Matthias Winter</strong> und <strong>Deniz Murici</strong>, die das Format aktiv mitgestalten.</p>



<p>Neuburg spricht lebt von wechselnden Gästen, von euch, vom Mitreden und vom Zuhören.<br>Es geht um Austausch, Transparenz und darum, unterschiedliche Sichtweisen auszuhalten.<br>Die beste Idee soll am Ende sichtbar werden.</p>



<p>So stellen wir uns Gemeinschaft vor.<br>Wenn ihr das auch so seht, schaut rein, teilt es und kommt zum nächsten <strong>Neuburg spricht</strong>.</p>



<p>Mein Dank geht an alle die Mitwirken und an Leo, der mir Neuburg Spricht übergeben hat, ich freue mich darüber, dass so viele Menschen teil dieser Idee geworden sind.</p>



<p>Ihr Florian Herold</p>



<p>(hier die Neuburg Spricht Titel Musik)</p>



<figure class="wp-block-audio"><audio controls src="https://fwherold.de/wp-content/uploads/2026/01/Neuburg-spricht8.mp3"></audio></figure>



<p>Hier findet Ihr Neuburg Spricht um Euch ein Bild zu machen: </p>



<p>Neuburg spricht &#8211; Schloßfest</p>



<figure class="wp-block-embed is-type-video is-provider-youtube wp-block-embed-youtube wp-embed-aspect-16-9 wp-has-aspect-ratio"><div class="wp-block-embed__wrapper">
<iframe loading="lazy" title="Neuburg spricht - Schloßfest" width="525" height="295" src="https://www.youtube.com/embed/bkGayLffHUM?feature=oembed" frameborder="0" allow="accelerometer; autoplay; clipboard-write; encrypted-media; gyroscope; picture-in-picture; web-share" referrerpolicy="strict-origin-when-cross-origin" allowfullscreen></iframe>
</div></figure>



<p>Neuburg spricht &#8211; next Generation</p>



<figure class="wp-block-embed is-type-video is-provider-youtube wp-block-embed-youtube wp-embed-aspect-16-9 wp-has-aspect-ratio"><div class="wp-block-embed__wrapper">
<iframe loading="lazy" title="Neuburg spricht - next Generation" width="525" height="295" src="https://www.youtube.com/embed/-LrjP2PC8Zo?feature=oembed" frameborder="0" allow="accelerometer; autoplay; clipboard-write; encrypted-media; gyroscope; picture-in-picture; web-share" referrerpolicy="strict-origin-when-cross-origin" allowfullscreen></iframe>
</div></figure>



<p>Neuburg spricht &#8211; Bäder &amp; Werke &#8211; Wellen schlagen</p>



<figure class="wp-block-embed is-type-video is-provider-youtube wp-block-embed-youtube wp-embed-aspect-16-9 wp-has-aspect-ratio"><div class="wp-block-embed__wrapper">
<iframe loading="lazy" title="Neuburg spricht - Bäder &amp; Werke - Wellen schlagen" width="525" height="295" src="https://www.youtube.com/embed/MJYJouRbLK8?feature=oembed" frameborder="0" allow="accelerometer; autoplay; clipboard-write; encrypted-media; gyroscope; picture-in-picture; web-share" referrerpolicy="strict-origin-when-cross-origin" allowfullscreen></iframe>
</div></figure>



<p>Neuburg spricht &#8211; Kultur &amp; Gemeinschaft</p>



<figure class="wp-block-embed is-type-video is-provider-youtube wp-block-embed-youtube wp-embed-aspect-16-9 wp-has-aspect-ratio"><div class="wp-block-embed__wrapper">
<iframe loading="lazy" title="Neuburg spricht - Kultur &amp; Gemeinschaft 🎭" width="525" height="295" src="https://www.youtube.com/embed/bmH4Qf1JF-8?feature=oembed" frameborder="0" allow="accelerometer; autoplay; clipboard-write; encrypted-media; gyroscope; picture-in-picture; web-share" referrerpolicy="strict-origin-when-cross-origin" allowfullscreen></iframe>
</div></figure>



<p>Neuburg spricht &#8211; Unsere Donau</p>



<figure class="wp-block-embed is-type-video is-provider-youtube wp-block-embed-youtube wp-embed-aspect-16-9 wp-has-aspect-ratio"><div class="wp-block-embed__wrapper">
<iframe loading="lazy" title="Neuburg spricht - Unsere Donau" width="525" height="295" src="https://www.youtube.com/embed/bHCA641l2qc?feature=oembed" frameborder="0" allow="accelerometer; autoplay; clipboard-write; encrypted-media; gyroscope; picture-in-picture; web-share" referrerpolicy="strict-origin-when-cross-origin" allowfullscreen></iframe>
</div></figure>



<p>Neuburg spricht &#8211; Jahresrückblick Neuburger Gesichter</p>



<figure class="wp-block-embed is-type-video is-provider-youtube wp-block-embed-youtube wp-embed-aspect-16-9 wp-has-aspect-ratio"><div class="wp-block-embed__wrapper">
<iframe loading="lazy" title="Neuburg spricht - Jahresrückblick Neuburger Gesichter" width="525" height="295" src="https://www.youtube.com/embed/mOkDqcWh1Oo?feature=oembed" frameborder="0" allow="accelerometer; autoplay; clipboard-write; encrypted-media; gyroscope; picture-in-picture; web-share" referrerpolicy="strict-origin-when-cross-origin" allowfullscreen></iframe>
</div></figure>



<p>Neuburg spricht &#8211; Stadtentwicklung</p>



<figure class="wp-block-embed is-type-video is-provider-youtube wp-block-embed-youtube wp-embed-aspect-16-9 wp-has-aspect-ratio"><div class="wp-block-embed__wrapper">
<iframe loading="lazy" title="Neuburg spricht - Stadtentwicklung" width="525" height="295" src="https://www.youtube.com/embed/OG33aMeVVxI?feature=oembed" frameborder="0" allow="accelerometer; autoplay; clipboard-write; encrypted-media; gyroscope; picture-in-picture; web-share" referrerpolicy="strict-origin-when-cross-origin" allowfullscreen></iframe>
</div></figure>



<p>Neuburg spricht &#8211; Worte Bilder Medien</p>



<figure class="wp-block-embed is-type-video is-provider-youtube wp-block-embed-youtube wp-embed-aspect-16-9 wp-has-aspect-ratio"><div class="wp-block-embed__wrapper">
<iframe loading="lazy" title="Neuburg spricht - Worte Bilder Medien" width="525" height="295" src="https://www.youtube.com/embed/DqzyiDrKhxc?feature=oembed" frameborder="0" allow="accelerometer; autoplay; clipboard-write; encrypted-media; gyroscope; picture-in-picture; web-share" referrerpolicy="strict-origin-when-cross-origin" allowfullscreen></iframe>
</div></figure>



<p>Neuburg spricht: Chancen und Sorgen rund um das Paketzentrum Weichering</p>



<figure class="wp-block-embed is-type-video is-provider-youtube wp-block-embed-youtube wp-embed-aspect-16-9 wp-has-aspect-ratio"><div class="wp-block-embed__wrapper">
<iframe loading="lazy" title="Neuburg spricht: Chancen und Sorgen rund um das Paketzentrum Weichering | Live-Event-Mitschnitt" width="525" height="295" src="https://www.youtube.com/embed/l8hPCVAj228?feature=oembed" frameborder="0" allow="accelerometer; autoplay; clipboard-write; encrypted-media; gyroscope; picture-in-picture; web-share" referrerpolicy="strict-origin-when-cross-origin" allowfullscreen></iframe>
</div></figure>



<p>Neuburg spricht: Glasfaserausbau bei uns in Neuburg</p>



<figure class="wp-block-embed is-type-video is-provider-youtube wp-block-embed-youtube wp-embed-aspect-16-9 wp-has-aspect-ratio"><div class="wp-block-embed__wrapper">
<iframe loading="lazy" title="Neuburg spricht: Glasfaserausbau bei uns in Neuburg" width="525" height="295" src="https://www.youtube.com/embed/8KNIk962Wv4?feature=oembed" frameborder="0" allow="accelerometer; autoplay; clipboard-write; encrypted-media; gyroscope; picture-in-picture; web-share" referrerpolicy="strict-origin-when-cross-origin" allowfullscreen></iframe>
</div></figure>



<p>Neuburg sprich &#8211; Inflation, Krise… was bedeutet das für Neuburg?</p>



<figure class="wp-block-embed is-type-video is-provider-youtube wp-block-embed-youtube wp-embed-aspect-16-9 wp-has-aspect-ratio"><div class="wp-block-embed__wrapper">
<iframe loading="lazy" title="Neuburg sprich - Inflation, Krise... was bedeutet das für Neuburg?" width="525" height="295" src="https://www.youtube.com/embed/dWOUGaf34I8?feature=oembed" frameborder="0" allow="accelerometer; autoplay; clipboard-write; encrypted-media; gyroscope; picture-in-picture; web-share" referrerpolicy="strict-origin-when-cross-origin" allowfullscreen></iframe>
</div></figure>



<p>Neuburg spricht &#8211; Energie, was können wir tun?</p>



<figure class="wp-block-embed is-type-video is-provider-youtube wp-block-embed-youtube wp-embed-aspect-16-9 wp-has-aspect-ratio"><div class="wp-block-embed__wrapper">
<iframe loading="lazy" title="Neuburg spricht - Energie, was können wir tun? 17.11.2022" width="525" height="295" src="https://www.youtube.com/embed/jdLZg7auMoU?feature=oembed" frameborder="0" allow="accelerometer; autoplay; clipboard-write; encrypted-media; gyroscope; picture-in-picture; web-share" referrerpolicy="strict-origin-when-cross-origin" allowfullscreen></iframe>
</div></figure>



<p>Neuburg spricht &#8211; DerJahresrückblick 2022 von der Wichtelhütte/Bootshaus</p>



<figure class="wp-block-embed is-type-video is-provider-youtube wp-block-embed-youtube wp-embed-aspect-16-9 wp-has-aspect-ratio"><div class="wp-block-embed__wrapper">
<iframe loading="lazy" title="Neuburg spricht - DerJahresrückblick 2022 von der Wichtelhütte/Bootshaus" width="525" height="295" src="https://www.youtube.com/embed/sSybMXdxg5E?feature=oembed" frameborder="0" allow="accelerometer; autoplay; clipboard-write; encrypted-media; gyroscope; picture-in-picture; web-share" referrerpolicy="strict-origin-when-cross-origin" allowfullscreen></iframe>
</div></figure>



<p></p>

<p>Neuburg spricht ist zu Beginn der Corona Zeit entstanden.Die Idee habe ich gemeinsam mit Leo Gashi entwickelt, aus dem Wunsch heraus, mit den Menschen in Neuburg im Gespräch zu bleiben, auch dann, wenn Begegnung plötzlich nicht mehr möglich war. Christoper Schägger ist schnell mit eingestiegen und so haben wir zu dritt alle Neuburg Spricht mit &hellip; </p>
<p class="link-more"><a href="https://fwherold.de/?page_id=1537" class="more-link"><span class="screen-reader-text">„Neuburg Spricht“ </span>weiterlesen</a></p>
